r**2 - 2*r + 3. Let p = 5 + 2. Determine g(p).
-11
Let d(w) = -17*w + 2. Let q be d(4). Let l be 342/q + 4/22. Let j(k) = -k**3 - 6*k**2 - 6*k + 4. What is j(l)?
9
Let w(y) = 0*y + 0*y + 0 - y - 6. Give w(-6).
0
Suppose 3*n + 0*j - 4*j + 7 = 0, n + 2*j = 1. Let i be 3/(n/((-2)/3)). Let t(o) = 4*o**2 - o**2 + o - i*o**2. Calculate t(2).
6
Suppose -13 = -5*k + 7. Let u(z) = 2*z - 3. Let d be u(k). Let w(v) = v**2 - 6*v + 7. What is w(d)?
2
Let d(o) = 2 + o + 3*o - 3*o + 4*o**2 - 2*o. Calculate d(-2).
20
Let q = -20 + 17. Let p(m) = -m + 2. Determine p(q).
5
Let m(p) = -1 + 2 + 747*p - 748*p + 8. Give m(0).
9
Let n(a) be the third derivative of a**4/12 + a**3/2 + 2*a**2. Suppose 0 = 4*h - 44 - 16. Suppose -5*g = 3*c + h, 5*g + 9 = -c - 6. Determine n(g).
-3
Let z be (1 - 2)/((-7)/(14 - -7)). Let i(x) be the second derivative of -x**4/12 + x**3/3 + x**2/2 + 2*x. Determine i(z).
-2
Let n(j) = 2*j**3 - j**2 + 1. Let q be 0 + 4 + -1 + 3. Suppose 0 = -g + 3*l - q*l - 1, 0 = -4*l. Give n(g).
-2
Let q(s) = -2*s**2 + 2*s + 3. Let c(o) = -3*o**2 + 2*o + 2. Let m(y) = -4*c(y) + 3*q(y). Determine m(1).
5
Let f(p) = 2*p**2 + 18*p - 21. Let m be f(-10). Let g(h) = -11*h**3 + 1. What is g(m)?
12
Let y = 6 + 1. Let d(t) = t**2 - 5*t - 7. Calculate d(y).
7
Let v(s) = 4*s**3 + 2*s - 1 - 3*s + s**2 + 0*s. Let w = -7 + 11. Suppose 4 = -0*c - w*c. Determine v(c).
-3
Let c(a) be the first derivative of -a**4/4 - 4*a**3/3 - a + 2. What is c(-3)?
-10
Let x(i) = i**3 + 5*i**2 + i - 2. Suppose 0 = -10*u + 5*u - 25. Determine x(u).
-7
Let s(l) = 2*l + 25. Let k be s(-12). Let g(u) = 14*u + 1. What is g(k)?
15
Let d(s) be the first derivative of 3*s**2/2 + s - 19. Suppose -6 = -z - 2*z. Give d(z).
7
Suppose -l - 28 = -31. Suppose 0 = -5*x + 2*x + 9. Let c(f) = 2*f + f**2 - x*f**2 + 2 + f**2. Give c(l).
-1
Let w be 4/18 + 448/(-72). Let b(p) = -p + 6. Give b(w).
12
Let d(s) = 7*s - 26. Let x(t) = -2*t + 9. Let j(q) = 3*d(q) + 8*x(q). What is j(5)?
19
Let z(x) = -x**3 + 2*x**2 + 2*x. Let y = -13 + 18. Suppose y*p + 21 = -a, -p = a + 2*a + 49. Let w be (a/(-20))/(4/10). Determine z(w).
4
Let q(r) = r**3 - r**2 + 1. Let n(k) = -3*k**3 + 4*k**2 - k - 19. Let f(j) = n(j) + 4*q(j). Determine f(0).
-15
Let o(g) = -5*g**3 - 2*g**2 + 9*g. Let t(v) = -3*v**3 - v**2 + 5*v. Let d(f) = 4*o(f) - 7*t(f). Let l = -8 + 8. Suppose -x + 6*x = l. What is d(x)?
0
Let r = -17 - -11. Let n(m) = m + 4. What is n(r)?
-2
Let j(i) be the second derivative of -i**3/3 + 3*i**2/2 - 4*i. Let n be (-6)/(-21) + 40/7. Determine j(n).
-9
Let k(j) = j**3 + 8*j**2 + 6*j - 10. Let c(x) = x**2 - 4*x - 3. Let g be c(2). Determine k(g).
-3
Let k(f) = -f**3 - 8*f**2 + 8*f - 6. Suppose 47 = -5*t + 2*p, -2*t + 4*p = 6*p + 16. What is k(t)?
3
Let f(h) = 4*h. Let l(j) be the first derivative of j**2 + 6*j + 1. Let r be l(-5). Let s = r + 6. Give f(s).
8
Let b(o) = -3*o - 1. Suppose 2*g - 7*g - h - 17 = 0, g - 4*h = -16. What is b(g)?
11
Let h(b) = -b**3 + 4*b**2 + 3*b + 4. Let p(o) = -4*o**3 + 17*o**2 + 12*o + 17. Let c(w) = 9*h(w) - 2*p(w). What is c(3)?
2
Let s(j) = 1 - 3*j**3 - 230*j**2 + 230*j**2. What is s(1)?
-2
Let c(q) = -1 + 0 + 3 + 10 - 2*q. What is c(11)?
-10
Suppose -3*w + 20 = w. Let g(j) be the first derivative of j**5/60 - 5*j**4/24 + j**3/3 - j**2/2 + 1. Let x(v) be the second derivative of g(v). What is x(w)?
2
Let y(o) = o**2 - o - 3. Let q(l) = l**2 + 10*l - 11. Let i be q(-11). Determine y(i).
-3
Let d = 85 + -849/10. Let y(t) be the third derivative of 1/3*t**3 - d*t**5 + 5/24*t**4 + 0 + 0*t + 1/120*t**6 - t**2. Give y(5).
2
Let s be 3/(-2) + 6/(-4). Let f = -1 - s. Suppose 2*i - 16 = -f*i. Let n(j) = j**2 - 6*j + 2. Calculate n(i).
-6
Suppose 4*b - 2*j - 4 = 0, -2*b = 2*b - 5*j - 4. Let m(h) = -4*h + 4*h + 7*h - 3*h - 1. Calculate m(b).
3
Let y(c) = -29 - c + 14 + 10. Give y(0).
-5
Let b(g) be the second derivative of -g**5/20 - g**4/12 - g. Let u be (1*5)/(1/1). Suppose u*o + 1 = 26, 2*p = 2*o - 10. Determine b(p).
0
Let b = 22 + -20. Let g(c) be the second derivative of c**2 + b*c + 2/3*c**3 + 0. Calculate g(2).
10
Let n be 6/30 - 23/(-10). Let t(w) be the second derivative of 1/6*w**3 + 0*w**4 - n*w**2 + 1/20*w**5 + 0 + w. Calculate t(0).
-5
Let q(s) = -s**2 - 10*s. Let b be q(-10). Let f(h) be the first derivative of 5*h**2/2 - 12*h + 1. Let k(x) = x - 1. Let d(p) = f(p) - 6*k(p). Give d(b).
-6
Suppose n + 1 = -10. Let w = 9 + n. Let s(f) = -f - 5 + 4 - 1. Give s(w).
0
Suppose -3*y - c + 8 = 0, 9 - 13 = 4*c. Let z(n) be the first derivative of -3*n**2 + 2*n + 4 - 1/3*n**y. What is z(-5)?
7
Let i be 0*1*2/4. Let b(j) be the third derivative of j**5/120 + 7*j**4/24 - j**3/2 - 2*j**2. Let r(a) be the first derivative of b(a). Calculate r(i).
7
Let u(j) = -j**2 - 5*j + 7. Let k = 27 + -34. Give u(k).
-7
Let h(x) be the second derivative of x**3/6 + x**2 - 7*x. Give h(0).
2
Let j(q) be the third derivative of -3*q**6/20 - q**4/24 + q**3/6 - q**2 + 6*q. Determine j(1).
-18
Let m(j) = 7*j - j + 0*j - 3*j + 3. Let z(i) = -9*i - 9. Let p(y) = 8*m(y) + 3*z(y). What is p(-4)?
9
Let q(d) = -1 + 2 + 2 + d. Suppose 5 = 4*v + m - 6*m, 3*m = v - 3. Calculate q(v).
3
Let l(t) = t**3 + 8*t**2 + 4*t - 7. Let n(h) = -3*h**3 - 16*h**2 - 9*h + 15. Let a(j) = 5*l(j) + 2*n(j). Give a(8).
11
Let z(g) be the first derivative of g**3/3 - 3*g**2/2 + 3*g - 10. Determine z(3).
3
Let m(w) = w**2 + w + 3. Suppose 0*r = -5*r + 20, 3*a - 3*r = -3. Suppose 0 = -2*x + a*n + 9, 3*n = -x + n - 13. What is m(x)?
9
Suppose -4*a + 6 = -2*m + 5*m, 2 = m + 2*a. Let c(x) = m + 5 + x - 2*x - 2. Let r be c(8). Let o(q) = q**3 + 3*q**2 - 2*q + 4. Determine o(r).
10
Let i(b) = b**3 - 14*b**2 + 13*b + 3. Suppose 2*j - 4*o - 18 = 0, -5*j - 2*o = o - 71. Let y be i(j). Let p(h) = h. Determine p(y).
3
Let g(s) = s**2 - 4*s - 3. Let c be g(5). Let h(r) = -3*r + 2. Let n(j) = -15*j + 9. Let b(o) = c*n(o) - 11*h(o). Determine b(3).
5
Let g(n) = n**2 - 5*n + 1. Let j = 0 + 8. Let f = 12 - j. Let a be (1 + 0)*20/f. Give g(a).
1
Let s(c) be the third derivative of c**8/6720 - c**7/1260 - c**6/360 - c**5/60 + c**4/4 + 8*c**2. Let l(q) be the second derivative of s(q). What is l(3)?
1
Let a(f) = f + 6. Let p(o) = o**3 - 6*o**2 + 9*o - 8. Let w be p(3). Give a(w).
-2
Let q(b) = 7*b**2 + 4*b - 7. Let s(h) = -13*h**2 - 8*h + 14. Let t(o) = -11*q(o) - 6*s(o). What is t(-5)?
-2
Let y(z) = -4*z + 2. Suppose -5*c + 23 = 2*k, 0 = -c - k - 3*k + 19. Let t(q) = c - 4*q - 2 - q**2 + 6. Let u be t(-5). Give y(u).
-6
Let q(v) = -3*v - 1. Let o(t) = -t. Let w(z) = -2*o(z) + q(z). Let p(f) = -5*f - 7. Let i(b) = p(b) - 6*w(b). Let r = -12 - -6. Calculate i(r).
-7
Let f = 14 - 11. Let h(y) = 1 + 5*y - 1 - 2*y - f. Determine h(2).
3
Let c(k) = 2*k - 12. Let v(z) = -3*z + 12. Let j(o) = 4*c(o) + 3*v(o). What is j(0)?
-12
Suppose -16 = 5*y - 51. Let t(g) = -2*g**2 + 5*g - 3. Let z(o) = -o**2 + 3*o - 2. Let m(n) = 4*t(n) - 9*z(n). Calculate m(y).
6
Suppose -2*n = -3*y + 3, 0 - 3 = -2*y + n. Let k(x) = -2*x - 3. Give k(y).
-9
Let r be (-78)/143*-11 + -2*1. Let m(h) be the second derivative of -h**3/3 - 2*h**2 + h. What is m(r)?
-12
Suppose 0 = -a + 3*a. Let f(u) = 5 + 3 + u**2 - 5*u - 2*u + a*u. Calculate f(6).
2
Let d(c) be the third derivative of 0 + 4*c**2 + 0*c - 1/6*c**3 + 1/10*c**5 + 1/120*c**6 + 5/24*c**4. Give d(-5).
-1
Let x(a) = a**3 - 7*a**2 + 4*a + 2. Let s(b) = -b**3 - 3*b**2 - 2*b. Let r be s(-3). Determine x(r).
-10
Let l be (-4)/(-6)*(3 - 0). Let z = -1 + l. Let y = 3 + z. Let g(f) = -f**2 + 7*f - 5. What is g(y)?
7
Let t(q) = q**2 - 3*q - 5. Let j be t(5). Let w be (-2)/5 + 12/j. Let b(c) = 1 + 6*c - w + 1 + c**2 + 4. What is b(-5)?
-1
Suppose 0 = -4*b + 7 - 27. Let p(s) = -s**3 - 6*s**2 - 4*s - 4. Give p(b).
-9
Let z = 9 - 5. Suppose -5*t + o = 14, 2*t + 10 = 5*t + z*o. Let v be t/(-3) + (-14)/3. Let s(h) = h - 1. Determine s(v).
-5
Let v(r) = 5*r + 3. Suppose -x - 27 = 5*n, 4*n = -4*x + x - 26. Give v(x).
-7
Let q(p) be the second derivative of p + 3*p**2 + 0 + 1/6*p**3. Determine q(0).
6
Let k(i) be the first derivative of 4 - 3/2*i**2 + 5*i. Determine k(4).
-7
Let p(z) be the first derivative of z**2/2 - z + 7. What is p(6)?
5
Let q(c) = -2*c**2 + c + 1. Suppose -4*f + 11 = 3. What is q(f)?
-5
Let v(s) be the second derivative of 0 + 2*s - 2/3*s**